 z(h) = -h + 6. Let q be z(8). Let v(g) = -33*g - 1. Is v(q) a prime number?
False
Let s = 122 + -63. Is s prime?
True
Let a(j) = -5*j**3 - 6*j**2 + 4*j - 4. Let r be a(-5). Suppose -m = -2*m + r. Suppose 276 = 3*l - 3*w, 5*l - w = w + m. Is l prime?
True
Suppose -4*k = 17 + 3, 41 = j - 4*k. Is j a prime number?
False
Let l = -5 - 7. Is 3/l - (-3054)/24 composite?
False
Suppose -v - 2*v = -5*x - 10, 0 = -4*v + 2*x + 18. Suppose 4*c + 3*h = 2*c + 47, 0 = c + v*h - 27. Is c composite?
True
Suppose 2*c = -5*b, b + 2*b = c. Let o = b - -22. Suppose -3*y - o = -x, -3*x = -4*y - 16 - 70. Is x prime?
False
Let i = 136 - -223. Is i a composite number?
False
Let g = 3 - 1. Let i be (g/3)/(2/6). Suppose -2*d + 4*d - 4*y = 110, -i*y - 8 = 0. Is d prime?
True
Let y(c) = 5*c**2 - 2*c + 7. Is y(3) composite?
True
Suppose -5*n + 4*z = -150, 2*n = 3*z + 22 + 31. Is n a prime number?
False
Suppose -4*a + 15 + 5 = 0. Suppose -i + 4*f = -219, -2*i = -a*i - f + 670. Is i a composite number?
False
Let k = 4 + -1. Suppose 5*a = -2*h + 645, 6*h - h + 356 = k*a. Is a a composite number?
False
Let t(g) = g**3 + 8*g**2 + 9*g + 2. Let l be t(-6). Is (-3 + 4)*l - -1 prime?
False
Is 67/((-1)/(0 + -7)) a prime number?
False
Let t(g) = 3*g**2 + 14*g + 20. Let v(j) = 2*j**2 + 7*j + 10. Let i(z) = -6*t(z) + 11*v(z). Is i(9) prime?
True
Let v = 174 + -91. Is v a composite number?
False
Suppose 20 = -0*g + 2*g. Suppose -2*w + g = -0. Suppose 4*x = 3*h - w*h + 642, 2*x - 331 = h. Is x composite?
False
Suppose 5*h - 71 = 2*s + 139, 3*h + 3*s - 147 = 0. Suppose -h - 801 = -5*t. Is t composite?
True
Let o = 4 - 2. Let w = 98 + 24. Suppose o*z + p = w, p - 12 = -2*p. Is z a composite number?
False
Suppose 6*i = 2078 + 640. Suppose -z + 1712 = i. Is z a composite number?
False
Let d(q) = 105*q**2 - 8*q + 7. Is d(4) a prime number?
False
Is ((-24)/20)/(2*2/(-1030)) a composite number?
True
Let g(j) = j**3 + 9*j**2 + 4*j + 11. Is g(-6) a prime number?
False
Is (-16)/(-40) + 5726/10 a prime number?
False
Suppose -18 = -5*x + 2*i, 0*i + 14 = 3*x - 2*i. Let m(g) = 2*g**x + 2*g + 4 - 1 + 2. Is m(8) a composite number?
False
Let b(m) be the second derivative of -4*m**3 - m**2/2 + m. Is b(-2) a composite number?
False
Let n = 351 - 193. Is n a prime number?
False
Let j be (1 - -18)*(1 - 0). Suppose -c - 3*z + 138 = j, 4*c + 2*z = 476. Is c a composite number?
True
Let f(t) = -52*t**2 - 2. Let h be f(-3). Let p = -259 - h. Is p a prime number?
True
Suppose 0 = 5*m + 1 - 16. Is 79/(m/(-6)*-2) a composite number?
False
Let l(j) = -51*j + 10. Let y(g) = 25*g - 5. Let u(i) = -4*l(i) - 7*y(i). Is u(2) prime?
True
Let h = -80 + 142. Let f be 6/9 - h/(-6). Suppose 0 = d - 36 - f. Is d a prime number?
True
Let m(i) = 6*i**2 - 2*i + 2. Is m(2) a prime number?
False
Let r = 0 - -6. Suppose -r*w - 628 = -10*w. Is w a prime number?
True
Suppose -c + 3*c = 4. Let a = 302 + -126. Suppose d = c*s - 2*d - 73, -5*s = -d - a. Is s a prime number?
False
Let v(u) = 4*u**2 - 2*u - 1. Is v(-5) a prime number?
True
Let k(i) = -i - 1. Let q(o) = 3. Let l(h) = -k(h) - q(h). Let n be l(0). Is ((-31)/n)/((-2)/(-4)) a prime number?
True
Is ((-284)/(-8))/(4/8) a prime number?
True
Suppose -3*w = -5*y - 578, 0*w = -4*w - 3*y + 761. Is w a composite number?
False
Suppose 2*x - 5*v - 616 = 0, 3*x - 1540 = -2*x + 4*v. Suppose p = 5*p - x. Is p prime?
False
Suppose 0*u = 5*j + 4*u - 4607, -3*u + 928 = j. Is j a prime number?
True
Is -2 + (0 + 169 - 1) a prime number?
False
Let y(r) = 2 - 6 + 0*r**2 + 5*r + 3 + 7*r**2. Is y(-4) prime?
False
Suppose -71 = b + 191. Let x = b - -380. Is 4/(-6) + x/6 a prime number?
True
Suppose -h - 33 = 89. Let s = 177 + h. Is s prime?
False
Suppose -5 = 3*z + 4. Let h be (3 - 2)*(z + -3). Is 3/h*-4 - -21 a composite number?
False
Suppose -2 = q + 3, -9 = -3*h + 3*q. Let n = -20 + h. Let t = -7 - n. Is t a prime number?
False
Let u be (-2)/6 + 152/(-12). Let y = u + 7. Is y/(-27) + (-421)/(-9) composite?
False
Let g(z) = 92*z**2 - 2*z + 1. Let u(p) = 5*p. Let a(f) = 2*f. Let b(r) = -8*a(r) + 3*u(r). Let v(n) = -4*b(n) + g(n). Is v(-1) composite?
True
Let o(z) = -142*z**2 + 2*z + 1. Let q be o(-1). Suppose 4*c - 3*c = -48. Let t = c - q. Is t prime?
False
Let n(i) = 869*i**3 - 2*i**2 + 3*i - 1. Is n(1) composite?
True
Let y = -12 + 94. Let x = y - 45. Is x a prime number?
True
Suppose 0*f = -4*f + 480. Suppose -j = 5*s + 2*j + 340, 5*j - 380 = 5*s. Let m = f - s. Is m composite?
False
Suppose 0 = -m - 2*g - 3*g + 1201, -3*m = 3*g - 3627. Is m composite?
True
Let m be 1/(-5) - 5712/15. Let i = m - -592. Is i prime?
True
Let p = -1669 - -2448. Is p a prime number?
False
Suppose -5*l + 19 = -2*z, -3*l = 5*z - 3*z - 5. Suppose -4 = m, -l = 5*j + 5*m - 18. Is j a composite number?
False
Suppose -3*u = 3*o - 1938, 0 = -4*o + 4 + 16. Is u a composite number?
False
Let v = 490 + 459. Is v a composite number?
True
Suppose -4*v + 18 = -42. Let t(m) = m**3 - 17*m**2 + 15*m + 12. Let u be t(16). Let k = v + u. Is k prime?
True
Let c(p) = 11*p**3 - 21*p**2 - 5*p - 13. Let r(v) = -5*v**3 + 10*v**2 + 2*v + 7. Let u(x) = -4*c(x) - 9*r(x). Is u(8) a prime number?
False
Suppose -4*n + 2*n + 382 = 2*u, 4*n - 756 = -2*u. Is n a composite number?
True
Suppose o = -20 - 90. Let y = o + 195. Is y prime?
False
Let g(c) = -28*c**3 + c**2 + 4*c - 7. Let f be g(3). Let p = -485 - f. Is p a prime number?
True
Let d = 10 - 19. Let l be d/15 - (-143)/5. Is (-8)/l - 1339/(-7) a prime number?
True
Let b(y) = 2*y**2 - 15*y + 3. Is b(10) composite?
False
Let g = 268 + -159. Is g prime?
True
Is 55674/(-36)*(-4)/6 a prime number?
True
Suppose 4*o = 5*x - 22 + 5, -5*x = 5*o + 10. Let r be (-1)/(x/(-4)) + -1. Is (r + -1)/(4/62) a composite number?
False
Let p be 1 - (2 + -1 + -3). Suppose p*z = 4*r + z - 924, 5*r = -5*z + 1185. Suppose -5*o - 58 = -r. Is o a composite number?
True
Let f = 8 - 3. Is 8/(-20) - (-112)/f prime?
False
Suppose 3*s = -3*a - 3 - 0, 3*a + 5*s = -9. Let x(g) = 19*g**2 - 3*g. Let p be x(a). Suppose 5*h - p + 206 = 3*b, 5*b - h = 190. Is b prime?
True
Suppose -239 = -5*y + 4*o, 293 = 4*y + 4*o + 73. Let l = y - -3. Suppose -3*f + l + 60 = 3*r, -3*r = 2*f - 111. Is r composite?
True
Let u be 98/5 - (-6)/15. Suppose -6*f = -2*f - u. Suppose f*a = 2*a + 99. Is a a prime number?
False
Suppose 2*a = 2*x - 1801 + 371, -4*a = -16. Is x prime?
True
Suppose u + 2*u - 3507 = 0. Is u prime?
False
Let l = 5 + -4. Suppose -5 = -4*t - l. Is 33/9*21*t a prime number?
False
Suppose 3 + 3 = -k. Let h be (-4)/(-12) - 112/k. Suppose -h = a - 54. Is a a prime number?
False
Is 2 + 2335/2 + 5/(-10) a composite number?
True
Is (1 - -1)*(-678)/(-4) composite?
True
Suppose -4 = -3*y + 569. Is y a prime number?
True
Suppose -6*p + 7*p = 5. Suppose -p*u - 906 = -2*u. Is (-1 + (-3 - u))/2 prime?
True
Suppose 3*d - 23 = -j, 0*j - 4*j + 4*d = -12. Let n be 6/24 - (-230)/j. Is n + 3 - 1/1 prime?
True
Suppose 0 = 5*g - 429 - 2431. Suppose -5*h + g = -h. Is h prime?
False
Let q be (-2 - 1)/(9/(-6)). Suppose -q*d = -4, 8 = -n + 2*n + d. Is n a prime number?
False
Suppose 15 = -2*q - 3*j, -4*q + 3*j = 2*j - 5. Suppose q*a + a - 359 = 0. Is a prime?
True
Suppose -l + 2*l - 304 = 3*p, -5*l + 4*p + 1531 = 0. Is l prime?
True
Let i = -292 - -745. Let p = i - 89. Suppose 0 = l + 3*l - p. Is l composite?
True
Suppose -3*g - 6 = -2*g - 3*w, -w + 10 = g. Suppose -g*z = -2*z - 32. Is (8/6)/(z/84) composite?
True
Suppose -3*g + u + 1 = -u, 4*g = -4*u + 28. Suppose 0*f = -f + 4, -g*t + 4*f = -269. Is t a composite number?
True
Suppose -4*w + 8*w - 20 = 0. Suppose 3*x - 1007 = -4*n, 37 = -5*n + w*x + 1287. Is n prime?
True
Suppose i + 3*i = 4*h + 8, -h - 4 = -2*i. Let z(m) = -i*m + 4 - 1 + 23*m**2 + 5*m. Is z(-2) composite?
False
Is (6/(-18))/((-1)/1923) a prime number?
True
Suppose 424 = 2*c + 3*u, 3*c - 426 = c - 4*u. Is c a composite number?
True
Is 2 - (3/4)/(2/(-3624)) prime?
True
Let p be -1*43*3/(-3). Suppose -p + 154 = x. Is x a prime number?
False
Let r = -1697 - -2784. Let w = 1590 - r. Is w prime?
True
Let q(y) = 31*y - 9. Let l(r) = 32*r - 10. Let j(f) = 6*l(f) - 7*q(f). Is j(-16) prime?
False
Let s(n) = -3*n**2 - 9*n + 3. Let r(l) = l**2 + 4*l - 1. Let h(u) = -13*r(u) - 6*s(u). Is h(-4) prime?
True
Let r(u) = -u**2 - 7*u + 2. Let q(y) = -y*